16 and 2464?
56
What is the highest common divisor of 41341522 and 97363?
1987
What is the highest common factor of 162690 and 78426150?
9570
Calculate the highest common factor of 24559 and 84459.
599
Calculate the greatest common divisor of 111 and 426980.
37
What is the highest common factor of 13 and 14140815?
13
What is the highest common factor of 296 and 587146192?
296
Calculate the highest common divisor of 494726306 and 2.
2
What is the highest common divisor of 164 and 73597009?
41
Calculate the greatest common divisor of 7057672 and 981864.
8392
Calculate the greatest common divisor of 2047605 and 630.
105
Calculate the highest common divisor of 3566 and 163638391.
1783
Calculate the greatest common factor of 4 and 5428528.
4
Calculate the greatest common divisor of 435589 and 193193.
77
What is the highest common factor of 104091 and 942?
471
What is the greatest common divisor of 364026 and 1017042?
1014
Calculate the greatest common factor of 470 and 695690146.
94
What is the highest common factor of 1751134 and 8288?
14
What is the greatest common factor of 1631 and 3073270?
233
Calculate the highest common factor of 36 and 582807726.
18
What is the greatest common divisor of 756 and 12279546?
54
Calculate the highest common divisor of 739 and 339050983.
739
Calculate the greatest common factor of 10 and 7660490.
10
Calculate the highest common divisor of 75192 and 13416.
312
What is the highest common divisor of 519573 and 2478?
3
What is the highest common divisor of 19836 and 4098744?
1044
What is the highest common factor of 8 and 137249656?
8
Calculate the highest common factor of 2576 and 5417972.
644
Calculate the highest common divisor of 32742 and 3095082.
1926
What is the highest common factor of 34597 and 6032?
29
Calculate the greatest common factor of 18150 and 28850.
50
Calculate the highest common factor of 631350 and 25803.
549
Calculate the highest common factor of 105273 and 14893623.
5013
What is the greatest common factor of 25654555 and 67145?
5165
Calculate the greatest common divisor of 38820 and 46740.
60
Calculate the highest common divisor of 7798100 and 8067.
2689
Calculate the greatest common factor of 58833 and 45981.
27
Calculate the highest common factor of 14527554 and 48.
6
What is the highest common factor of 4543 and 4521937?
413
What is the greatest common factor of 20760 and 370047?
519
Calculate the highest common divisor of 4400 and 3020400.
400
Calculate the highest common divisor of 51125 and 244991.
409
Calculate the greatest common divisor of 476779 and 1357.
59
Calculate the greatest common factor of 174636 and 2002532.
196
What is the highest common factor of 4278 and 3217366?
62
Calculate the greatest common divisor of 58717 and 43949.
71
Calculate the greatest common divisor of 63579688 and 32.
8
What is the greatest common divisor of 36536 and 44021313?
4567
Calculate the greatest common factor of 34374222 and 3132.
522
What is the greatest common divisor of 19019 and 7987?
7
Calculate the greatest common factor of 380121 and 544604.
787
Calculate the greatest common factor of 182 and 8675849.
91
Calculate the highest common factor of 3230920 and 14527601.
11539
What is the highest common divisor of 87425 and 102804806?
3497
Calculate the highest common factor of 1090 and 10584990.
1090
Calculate the greatest common divisor of 1521 and 1006616052.
1521
Calculate the greatest common factor of 47665091 and 19.
19
What is the greatest common divisor of 114513 and 21413?
931
Calculate the highest common divisor of 9395942 and 261.
29
Calculate the highest common divisor of 1118 and 463583.
43
Calculate the highest common divisor of 694 and 33694741.
347
Calculate the greatest common divisor of 221 and 162979.
17
What is the highest common divisor of 122 and 2077294?
122
Calculate the highest common divisor of 40200 and 236265.
15
What is the highest common factor of 13447550 and 20?
10
Calculate the greatest common divisor of 32427750 and 600.
150
Calculate the greatest common factor of 47190875 and 4375.
125
Calculate the greatest common factor of 668697067 and 61.
61
What is the highest common divisor of 360241 and 143577?
371
What is the highest common factor of 760 and 653186?
2
Calculate the greatest common divisor of 1014 and 5979.
3
Calculate the greatest common factor of 762800 and 10960.
80
Calculate the greatest common factor of 5016 and 56430.
1254
What is the highest common divisor of 1190 and 650629?
7
What is the greatest common factor of 313328 and 100?
4
What is the greatest common factor of 456348 and 63792?
12
Calculate the highest common divisor of 10297464 and 496.
8
What is the highest common divisor of 17153066 and 56?
14
What is the greatest common factor of 62406636 and 6624?
276
What is the highest common divisor of 691965902 and 57790?
11558
Calculate the highest common divisor of 99 and 5582027.
11
Calculate the highest common factor of 11218 and 4634772.
158
Calculate the highest common factor of 496190 and 412410.
590
What is the highest common divisor of 5640 and 1743000?
120
Calculate the greatest common divisor of 7198 and 4479962.
122
Calculate the greatest common factor of 416 and 8928.
32
What is the greatest common divisor of 11536 and 554738842?
1442
Calculate the greatest common factor of 3329439 and 1173.
3
Calculate the highest common divisor of 4665 and 293961865.
1555
What is the greatest common divisor of 2510827216 and 16?
16
What is the greatest common divisor of 296391 and 9982?
31
Calculate the highest common divisor of 1085 and 30849805.
1085
Calculate the greatest common divisor of 16746017 and 227.
227
What is the highest common divisor of 168364 and 248948?
28
Calculate the greatest common factor of 1360722 and 142374.
2334
Calculate the greatest common divisor of 1378286210 and 98.
98
What is the highest common divisor of 227555 and 1304435?
3205
Calculate the greatest common divisor of 8753814 and 9.
9
What is the highest common factor of 3660 and 955373460?
3660
What is the greatest common divisor of 2250 and 1798440750?
2250
Calculate the highest common factor of 2511044 and 1016.
508
What is the greatest common factor of 9715288 and 101926?
2486
What is the greatest common divisor of 51664080 and 10?
10
What is the greatest common factor of 207 and 548872?
23
Calculate the greatest common divisor of 318 and 778422.
6
Calculate the greatest common divisor of 182560791 and 40236.
10059
What is the highest common divisor of 413 and 39075169?
413
What is the greatest common factor of 208256 and 5772596?
6508
Calculate the highest common factor of 134447 and 42420197.
4337
Calculate the greatest common factor of 825816546 and 7398.
7398
What is the greatest common factor of 102642804 and 748?
748
What is the greatest common factor of 7134 and 27492?
174
What is the highest common divisor of 23604 and 300?
12
Calculate the greatest common factor of 35244187 and 1562.
781
Calculate the greatest common factor of 1044970 and 1826.
166
What is the greatest common divisor of 10912 and 1215076?
124
Calculate the highest common factor of 152869977 and 18486.
9243
What is the highest common divisor of 150 and 894907050?
150
What is the greatest common divisor of 600 and 1474300?
100
Calculate the highest common factor of 3050 and 951905.
305
Calculate the highest common divisor of 7742 and 7315084.
1106
What is the highest common factor of 688761 and 8961?
309
What is the highest common factor of 239538 and 23406?
498
What is the greatest common factor of 589 and 8164129?
589
Calculate the highest common factor of 20023098 and 6576.
822
Calculate the greatest common divisor of 768 and 1179654.
6
Calculate the greatest common divisor of 39 and 217459814.
13
Calculate the greatest common divisor of 4860 and 8934624.
972
Calculate the highest common factor of 1990740 and 880.
20
What is the highest common divisor of 34 and 2848681466?
34
What is the greatest common factor of 133029214 and 438?
146
Calculate the highest common factor of 20580 and 34990.
10
What is the highest common divisor of 25815105 and 2349?
81
Calculate the highest common factor of 136832 and 12796999.
1069
Calculate the highest common divisor of 633 and 272011072.
211
Wh